e (3 - -2) + -6 + -2.
-3
What is 5 + (4 - ((3 - 1) + 3))?
4
Calculate (108 - 113) + (2 - (-1 + 0)).
-2
-3 + (-2 - (5 + -6 + -2))
-2
What is 2 + 5 + -7 + 5?
5
Evaluate -4 - 1 - (10 + -11).
-4
What is (7 - 4 - 5) + -1?
-3
What is the value of (-6 - -6) + 5 + (1 - 12)?
-6
Calculate -1 + -4 + 7 + -4.
-2
Evaluate 20 + (-2 + -1 - 8).
9
What is 0 - 0 - (2 - 3)?
1
Evaluate -22 - -27 - (-1 + 2).
4
What is 2 + -5 - (3 + -11)?
5
What is 6 - (-4 - (-6 + 1))?
5
What is the value of 0 - (1 + -1 + -4)?
4
What is -2 - (8 - 4) - 0?
-6
What is the value of -5 + 6 + -1 + 4 + 1?
5
Evaluate (5 - 11) + (1 - -1) - 0.
-4
-8 - (-4 - 6) - 5
-3
Calculate -6 + 2 - ((-2 - 0) + -5).
3
-6 + (4 + 3 - 0)
1
Calculate 0 + (0 + (-1 - -5) - 5).
-1
Evaluate -5 - (-5 + 2) - 2 - -7.
3
What is the value of -2 - 2 - -4 - (2 - -2)?
-4
Calculate -7 + -4 + 3 + 5.
-3
Evaluate (-2 - 1) + 1 + 54 + -46.
6
Calculate -2 + 1 - (-9 + 2 + 7).
-1
What is 9 + -10 - 9 - -5?
-5
Evaluate 4 - ((4 - -1) + -1).
0
Evaluate 3 - (0 + 5) - -1.
-1
What is 3 + (-5 - (-1 + 1 - -1))?
-3
Calculate 3 - (3 - (3 - 1) - -2).
0
What is -13 + 11 + (0 - 0 - -4)?
2
Calculate 1 + (2 - 7) + (2 - -2).
0
What is (-7 - 2) + (-45 - -56)?
2
Evaluate (-9 - -3) + 7 + (1 - 4).
-2
What is (-3 - -8) + -11 + 5?
-1
What is (-5 - -3) + 12 + -15?
-5
Calculate (-15 - -2) + (9 - 2).
-6
(-6 - (3 + -3)) + (2 - 0)
-4
What is -2 + -2 + -21 + 21?
-4
Evaluate 1 + 0 + -5 - (191 - 200).
5
What is (-4 - -6 - -1) + 3 + 3?
9
Evaluate -29 - -29 - (-1 - 2 - 2).
5
(-9 + 22 - 17) + 2
-2
-1 - -6 - (7 - 5)
3
Calculate 4 + -5 + 2 + -2 + 1.
0
What is the value of (-1 - (7 + -7)) + 1?
0
(-1 - 2) + (-4 - (3 - 6))
-4
What is -5 + -2 + 9 + -1?
1
Calculate 0 - ((4 - (0 + -1)) + 0).
-5
What is -2 + (-4 - -4) + -7 + 1?
-8
Evaluate (-6 - -3) + -2 + 0.
-5
-11 + 6 + -1 - -4
-2
4 - -1 - (31 - 28)
2
What is 3 + (0 - 8) - -8?
3
What is -10 - -12 - (5 + -3)?
0
-3 - (0 - 0) - -5
2
-21 + 20 - (-4 + 0)
3
Calculate (4 - 8) + -1 + 1 + 4.
0
Calculate (1 - (-4 - -1)) + (7 - 2).
9
What is the value of -2 + 4 + (3 - (2 - 0))?
3
0 + (-9 - (5 - 10)) + 8
4
What is the value of (-27 - -16) + (4 + 1 - 2)?
-8
What is 0 - (7 - -1) - (6 - 4)?
-10
What is the value of -1 - 3 - (99 - 103) - 7?
-7
Calculate (4 - -1) + (2 - 1 - 4).
2
What is 4 + (-4 + -1 - -7) + 0?
6
Evaluate 1 + 1 + (8 - 4) + -1.
5
9 - 1 - (4 - -2)
2
-1 + (9 - 4 - (0 - -1))
3
What is -1 + -6 + 7 - -2?
2
8 + -8 + (1 - -3)
4
What is the value of -3 + -1 + -1 + 2?
-3
What is the value of (4 - (5 - 5)) + -5?
-1
Evaluate 4 + (-3 - 1) - 4.
-4
2 + -7 + 6 + 1 + -2
0
What is the value of 14 - 7 - (0 + 4)?
3
What is (5 - -5) + -4 - 11?
-5
What is the value of 2 - (-4 + 4 + -2 + 9)?
-5
(-6 - -4) + -4 + (6 - 2)
-2
Evaluate -11 + 11 + -1 + 7 + 1.
7
What is the value of 59 + -72 - (-1 + -6)?
-6
-2 + 2 + -2 + 3 - -4
5
Calculate (23 - 20) + -7 + -2 + 12.
6
Calculate -6 - -4 - -2 - -1.
1
Evaluate -2 + -3 + -6 + (6 - 1).
-6
What is the value of 11 - ((13 - (1 + 6)) + 0)?
5
What is (0 - -1) + (-3 - 0) + 4?
2
5 + (5 - 6) - 0
4
(-1 - (1 - -3)) + 7
2
What is the value of -3 + -1 + 2 + 2 + -3?
-3
(-16 - -17) + (5 - (4 - 2))
4
Calculate 5 - 5 - (-1 + -1 + 0).
2
Calculate -11 - -3 - (2 - 7).
-3
Calculate 4 + -1 + (-7 - 0) + -1.
-5
Calculate -5 + (2 - (-7 + 9)).
-5
-3 - (-7 - -3) - 3
-2
What is (-4 - -5 - 1) + -1?
-1
Evaluate 4 + -3 + 6 - 3.
4
Calculate 0 + 5 + (12 - 19).
-2
Evaluate 4 + -3 - 6 - (-14 + 11).
-2
-26 - (3 - 14) - -6
-9
Calculate -9 - (-16 + (2 - -2) - -6).
-3
What is the value of 3 + (-9 - -6) + -6?
-6
What is the value of 1 + -2 + 6 + 8 + -14?
-1
1 + (-7 - (3 - 9))
0
What is (-7 - -3 - -5) + -4?
-3
Calculate -4 + (9 - 7) - -3.
1
Calculate -2 + (-1 - 8) + 17.
6
What is the value of 0 + 2 + (-1 - 3) + 3?
1
What is -7 + 3 + -8 + 9?
-3
(-5 + 5 - 3) + 8
5
What is (2 - (-1 + 1)) + 3 - 1?
4
What is -3 - (-2 + 0 + 1) - -1?
-1
Calculate 6 + 2 + -11 + -5.
-8
What is the value of 7 + (2 - (1 + 4))?
4
What is the value of 4 + -5 - (16 - 5 - 7)?
-5
5 - (-1 + (3 - 0))
3
Evaluate 4 - (5 - 5) - 0.
4
4 - -1 - (-14 - -17 - 6)
8
What is the value of -1 + -7 + 0 + 3 + 1?
-4
Calculate 3 + (2 - 4) + (-3 - 1).
-3
What is the value of 4 + 1 + 4 + -5 + -5?
-1
Calculate -15 + (3 - -3) + 5.
-4
What is the value of -3 + 0 + 6 + (-2 - 1)?
0
What is -6 + 4 + -1 - -2?
-1
What is -7 - (0 + -1 - (3 + -2))?
-5
Evaluate -1 - (13 + -8 - 4).
-2
Evaluate (0 - -3) + 7 + -8.
2
Evaluate 35 + -25 - (3 + 9).
-2
What is 3 + -3 - (-2 + 4 - 6)?
4
Evaluate -3 - (2 - (3 - 0)).
-2
Evaluate 3 - (6 - 0) - -3.
0
Evaluate -3 + 7 + (-5 - -4).
3
Calculate 8 - 18 - (-5 - -4).
-9
What is -1 + 1 + (5 + -13 - -12)?
4
Evaluate -2 + (0 - (-2 - (-2 + -3))).
-5
Calculate -2 - -13 - (7 + -1).
5
Calculate 16 + 0 - 6 - (5 - 1).
6
What is -5 - (-5 - -8 - 5)?
-3
-6 - -1 - (-5 + -1)
1
What is -1 - -1 - (-6 - (6 - 11))?
1
What is 7 - (4 - 2 - -4)?
1
What is the value of 23 + -5 + -5 + -16?
-3
Calculate 0 + -2 + -1 - (-5 - -2).
0
Evaluate (1 - (11 + 0)) + 10.
0
What is the value of -1 - (3 - 1 - (5 - 3))?
-1
(9 + 7 - 3) + -11
2
Calculate 3 + 4 + -13 - -8.
2
Calculate -2 + (7 + -2 - 2) + -4.
-3
(-4 - -2) + -9 + 8 + -3
-6
What is 1 - (3 - -7 - 4)?
-5
Calculate 1 - (6 - (-1 - -4)).
-2
Calculate -5 + 6 + (-5 - -1).
-3
What is 11 + (-26 - -10 - -3)?
-2
Evaluate -7 - (11 - (-3 - -16)).
-5
What is (-2 + 3 + -1 - 0) + 5?
5
What is the value of 6 + (4 - 7) - (1 + 0)?
2
What is the value of (4 + -4 - -12) + -19?
-7
(2 - 7) + (-4 - -4)
-5
What is 2 - (10 + (-5 - 1))?
-2
Evaluate 3 + (-4 - (-8 - -2)).
5
What is -80 + 89 - (1 - -3)?
5
What is the value of -5 + (5 + 4 + 7 - 5)?
6
24 - 19 - (2 + 11 + -3)
-5
What is 1 - (2 + (1 - 5))?
3
60 - 64 - (-1 + 2 + -3)
-2
What is 5 + -7 + -4 + 6 + 3?
3
Evaluate -15 + 11 - (-1 - -1).
-4
Calculate 0 + 1 + -5 - (175 + -188).
9
What is -4 - 0 - ((6 - 4) + -4)?
-2
What is -60 + 52 - (0 - 7)?
-1
What is 0 + -4 + -13 + -12 + 25?
-4
4 - (-5 - (-2 - 3))
4
What is the value of (0 - -15) + (-24 - -18) + -1?
8
Calculate -1 + (5 - (-1 + 5)).
0
Evaluate 3 - (-2 - -7 - (1 + 2)).
1
What is (-25 - -6) + 6 - -9?
-4
Evaluate (2 - (-4 + 5 + 4)) + 2.
-1
What is -7 - ((1 - -1) + -13) - 6?
-2
Evaluate -6 + (26 - 13) + -17.
-10
Calculate -11 - -13 - (-4 - -9).
-3
Calculate (-14 - -21) + (-5 + 2 - 1).
3
What is the value of -2 + 0 - (-6 + -1 - -3)?
2
Calculate (-13 - (-3 + 1)) + 6.
-5
-1 - (-16 - (-5 - 3))
7
Calculate -1 - (0 - -2) - (14 + -16).
-1
-16 - ((7 - 10) + -9)
-4
What is the value of -1 + (-2 - -12) + -3?
6
What is 0 + (-3 - -5) + (-3 - -1)?
0
(0 - (-12 - -6)) + 1
7
What is -8 + 0 + (3 - -7)?
2
What is the value of (2 - -1) + -9 + 5?
-1
What is (4 - 5) + (-7 - (-7 + 5))?
-6
Evaluate -13 + 2 - -2 - (-41 + 37).
-5
Evaluate -2 + 4 + 3 - (-1 + 7).
-1
Calculate -2 - -2 - (-19 - -26).
-7
What is the value of -2 + (-3 - -2) + 4 + 3?
4
What is the value of -20 + 7 + 6 + -2 + 2?
-7
Evaluate (-5 - (-1 - (-3 + 3))) + -2.
-6
Evaluate 1 - (-14 - -3 - -8).
4
Evaluate 2 + -2 + -1 + -4.
-5
What is 1 - 6 - ((-7 - -5) + -3)?
0
What is the value of 10 + 0 + -1 - (16 + -11)?
4
What is the value of -3 - (-4 - (-3 + (3 - 3)))?
-2
7 - (0 + 8 - 3 - 2)
4
Calculate -2 - (5 + 0) - -1.
-6
What is -4 - (-4 + -11) - (-1 + 6)?
6
Calculate 1 + 2 - (-2 + 2).
3
What is the value of 2 + -7 - (-3 - -1)?
-3
What is 14 + -15 - (0 - 1)?
0
Calculate 2 + 9 + -1 + -8.
2
(6 - (3 - 1)) + 12 + -9
7
Evaluate 5 - (8 + (-3 - 0)).
0
Evaluate 0 - (-6 - (-3 + 0 + -3)).
0
Evaluate -51 + 48 + (-2 - -1).
-4
What is the value of -15 - (-6 + 0 - 3)?
-6
Calculate -5 + (16 + 5 - (1 - -5)).
10
-10 - -4 - (3 - 6)
-3
4 + (3 - 3) + -4 - -3
3
Evaluate -4 - (-4 + (-4 + 6 - 2)).
0
Calculate -1 + 0 + -2 + -3.
-6
What is the value of -2 + -1 - (5 - (4 + 5))?
1
What is the value of (2 - 2) + (-2 - -5 - 3)?
0
What is the value of -12 + (-4 - -2) + (9 - 2)?
-7
107 - 97 - (-1 + 4)
7
Evaluate 2 + 6 + -3 + -10.
-5
What is 12 + -9 + 6 + -5?
4
What is (-4 - 6) + 6 - 1?
-5
What is the value of 1 + 2 + (11 - 4 - 8)?
2
Evaluate -2 + (7 - 3 - (1 + 4)).
-3
1 + (-3 - -1) - (-51 + 52)
-2
What is the value of -4 + -2 - (6 - 17)?
5
What is the value of (-3 - (0 - -1)) + -8 + 9?
-3
Evaluate -2 + -4 + 7 - 0.
1
Calculate 1 + (3 - (1 + 4) - -1).
0
Calculate -9 + (10 - -2) + -1 + 2.
4
What is 1 + 0 + -3 + (6 - 7)?
-3
Evaluate (4 - (0 + 3)) + 3 - 12.
-8
What is 2 + 0 + 0 + 2?